{"id":58,"date":"2026-03-10T06:30:37","date_gmt":"2026-03-10T03:30:37","guid":{"rendered":"https:\/\/arayayin.com\/dagitim\/?page_id=58"},"modified":"2026-03-10T06:31:23","modified_gmt":"2026-03-10T03:31:23","slug":"iletisim","status":"publish","type":"page","link":"https:\/\/arayayin.com\/dagitim\/iletisim\/","title":{"rendered":"\u0130leti\u015fim"},"content":{"rendered":"\n<h3 class=\"wp-block-heading\">\u0130leti\u015fim Bilgilerimiz:<\/h3>\n\n\n\n<p>Ara Yay\u0131n<\/p>\n\n\n\n<ul class=\"wp-block-list\">\n<li><strong>Adres:<\/strong> K\u0131rm\u0131z\u0131toprak Mah. Porsuk Bulvar\u0131 Nilay Sk. Emin Apt No: 11 B Odunpazar\u0131\/ Eski\u015fehir<\/li>\n\n\n\n<li><strong>Telefon:<\/strong> 05333799443<\/li>\n\n\n\n<li><strong>E-posta:<\/strong> dagitim@arayayin.com<\/li>\n<\/ul>\n\n\n\n<p><\/p>\n","protected":false},"excerpt":{"rendered":"<p>\u0130leti\u015fim Bilgilerimiz: Ara Yay\u0131n<\/p>\n","protected":false},"author":1,"featured_media":0,"parent":0,"menu_order":0,"comment_status":"closed","ping_status":"closed","template":"","meta":{"footnotes":""},"class_list":["post-58","page","type-page","status-publish","hentry"],"_links":{"self":[{"href":"https:\/\/arayayin.com\/dagitim\/wp-json\/wp\/v2\/pages\/58","targetHints":{"allow":["GET"]}}],"collection":[{"href":"https:\/\/arayayin.com\/dagitim\/wp-json\/wp\/v2\/pages"}],"about":[{"href":"https:\/\/arayayin.com\/dagitim\/wp-json\/wp\/v2\/types\/page"}],"author":[{"embeddable":true,"href":"https:\/\/arayayin.com\/dagitim\/wp-json\/wp\/v2\/users\/1"}],"replies":[{"embeddable":true,"href":"https:\/\/arayayin.com\/dagitim\/wp-json\/wp\/v2\/comments?post=58"}],"version-history":[{"count":3,"href":"https:\/\/arayayin.com\/dagitim\/wp-json\/wp\/v2\/pages\/58\/revisions"}],"predecessor-version":[{"id":61,"href":"https:\/\/arayayin.com\/dagitim\/wp-json\/wp\/v2\/pages\/58\/revisions\/61"}],"wp:attachment":[{"href":"https:\/\/arayayin.com\/dagitim\/wp-json\/wp\/v2\/media?parent=58"}],"curies":[{"name":"wp","href":"https:\/\/api.w.org\/{rel}","templated":true}]}}